= 0. Suppose -17 = -4*y + 3*t, -3*y + 8*t - 7*t = -l. What is the remainder when y is divided by w(-6)?
1
Let u(k) = -2*k**3 + k**2 - k + 2. Let f be u(0). Suppose -f*p = 2*p - 8, 368 = o + 5*p. What is the remainder when o is divided by 12?
10
Let p be (-7)/28 + (-1972)/(-16). Let v = p + -115. Suppose -v = -5*m + 102. Calculate the remainder when 151 is divided by m.
19
Suppose -1207 + 82 = -5*x. Calculate the remainder when 218 + (1/(-3))/((-25)/x) is divided by 37.
36
Let c = 189 - 184. Suppose c*n = -2*n + 21. Calculate the remainder when 40 is divided by n.
1
Suppose -192 = -2*z + 116. Let w be (-5214)/z + (-1)/7. Let k = 56 + w. Calculate the remainder when k is divided by 12.
10
Suppose 5*s = -3*a + 223 - 89, -4*s = 4*a - 104. Calculate the remainder when ((-20)/4)/(1/(-23)) is divided by s.
3
Let l = 365 - 363. Suppose -5*d = 15, -a = 3*a + l*d - 534. What is the remainder when a is divided by 47?
41
Suppose 0 = -g - 2*r + 2539, -g - 14*r + 2531 = -10*r. Calculate the remainder when g is divided by 98.
97
Let j be 15 + -3 + -1 + -7. Suppose 0*y - 50 = -s - 5*y, -16 = j*y. Calculate the remainder when s is divided by 4.
2
Suppose -9*u - 72 = -21*u. What is the remainder when u is divided by ((-30)/(-12))/(2/(-12)*-3)?
1
Let y be 92/3 - 6/9. Suppose -y = -5*o + 2*o. Let w = 4223 - 4207. Calculate the remainder when w is divided by o.
6
Let p be (-8484)/27 - (-34)/153. Let h = -291 - p. Suppose 0*k + k - 112 = 0. What is the remainder when k is divided by h?
20
Let q = -37 - -52. Let d = 290 + -210. Suppose -3*r = -r - 2*i - 38, -4*r + d = -3*i. What is the remainder when r is divided by q?
8
Let s(w) = 3*w**2 + 63*w - 184. Let x = -37 - -114. Calculate the remainder when x is divided by s(3).
13
Suppose 16*f = -8*f + 5280. Let x = f + -41. Calculate the remainder when x is divided by 12.
11
Suppose 9 = -2*f + 51. Let p(t) = t + 3. Let c be p(-1). Calculate the remainder when f is divided by 14 + 2/(-4)*c.
8
Suppose 5 + 346 = 9*g. Suppose 3*u - 27 = -2*f + 14, -4*u = -4*f + 92. Calculate the remainder when g is divided by f.
17
Let b(g) = 2*g**3 + 4*g**2 + 1. Let x = -109001 - -109033. Calculate the remainder when b(3) is divided by x.
27
Suppose 3 = -19*z + 231. Suppose -z + 19 = q. What is the remainder when 26 is divided by q?
5
Let w(b) = -b**3 - 37*b**2 + 61*b - 618. Calculate the remainder when 198 is divided by w(-39).
18
Suppose 3*w = 3*m - 933, 3*m + 327 = -w - 0*m. Let a = -306 - w. Calculate the remainder when 56 is divided by a.
2
What is the remainder when 2668 is divided by (3852/856)/((-9)/(-44))?
6
Let r(o) = 6*o**2 + o - 1. Let j be r(-2). Suppose -9*d + 192 - j = 0. Let u = -2 - -5. Calculate the remainder when d is divided by u.
1
Let i(p) = 3*p + 6. Suppose 15 = j - 6*c + 2*c, -j - c + 20 = 0. Suppose -v - 4 + j = x, 3*v = 2*x + 30. Calculate the remainder when i(5) is divided by v.
9
Suppose 10*j - 5*j = -65. Let p(t) = t**3 - 7*t**2 + 9*t - 14. Let g be p(6). What is the remainder when 10 is divided by ((-35)/g)/5*(j - -9)?
3
Let z be (1092/(-130))/(((-2)/15)/1). Suppose 40*r + 345 = z*r. Calculate the remainder when 104 is divided by r.
14
Suppose -2*o - 5046 = -7*o - 4*c, 3*o - c - 3031 = 0. What is the remainder when o is divided by 127?
121
Let t(i) = -2*i**2 + 70*i + 30. Suppose -4*m + 65 = 5*j, 0*m + 3*m - 70 = -5*j. Calculate the remainder when t(35) is divided by j.
13
Suppose 7*p - 2*p = 4*f + 11, -2*p + 10 = 4*f. Let d(a) = 17 + 3*a + 14*a + 0*a - 7*a. What is the remainder when d(p) is divided by 17?
13
Suppose 15*p - 34698 = -6999 + 4236. Calculate the remainder when p is divided by 71.
70
Suppose -a - 11*d + 504 = -10*d, 4*a + 2*d - 2010 = 0. Suppose -a = -7*p - 172. Calculate the remainder when 159 is divided by p.
18
Suppose -156 + 20 = -3*a - 4*v, 5*v = 5. Calculate the remainder when 410 is divided by a.
14
Let r(q) = -20*q - 3. Calculate the remainder when (-17626)/(-63) + (-506)/(-414) is divided by r(-3).
53
Let b = -2933 + 4070. What is the remainder when b is divided by 30?
27
Suppose -423 = 35*x + 347. What is the remainder when 64 is divided by (39/9)/(x/(-66))?
12
Let n(p) = p**2 - 14*p - 27. Let g be n(16). Suppose r - u + 47 = u, -3*r + g*u - 146 = 0. Let h = r - -87. Calculate the remainder when h is divided by 18.
12
Let f = 11 + -2. Let n(z) = -3*z**2 - 7*z + 26. Let s(o) = 7*o**2 + 13*o - 51. Let b(w) = 9*n(w) + 4*s(w). Calculate the remainder when 47 is divided by b(f).
11
Let h = -73 + 75. Let v be 2 - h - (7/(-1) - 2). Suppose -v*w + 10*w = 15. Calculate the remainder when 28 is divided by w.
13
What is the remainder when 595 is divided by ((-16384)/(-14))/8 - 22/77?
11
Let k(h) = h**2 + 81*h - 1095. What is the remainder when k(-93) is divided by 18?
3
Let c(j) = 24*j**2 + 26*j. Let z(a) = -3*a**2 - a + 1. Let m(q) = c(q) + 5*z(q). What is the remainder when m(-4) is divided by 14?
9
Let t = 19 + -5. Calculate the remainder when (1/(-3) - 470/(-564))/((-19)/(-8474)) is divided by t.
13
Suppose -5*d + 469 + 431 = 0. Suppose 63*n = 65*n + 360. Let v = -154 - n. What is the remainder when d is divided by v?
24
Let a = 24177 + -16372. What is the remainder when a is divided by 61?
58
Let k(f) = 20*f - 1. Suppose 5*y + 5*r - 2*r + 4 = 0, 0 = 5*y - 4*r - 17. Let u be k(y). Suppose 5*n = u*n - 196. What is the remainder when n is divided by 12?
2
Let h(d) = -2*d**3 + 1. Let v = 179 - 130. Let r = v + -16. Calculate the remainder when r is divided by h(-2).
16
Let x(b) = 49*b + 11. Let a be x(9). Suppose -5*y - v = v - 448, -5*y + 2*v + a = 0. Suppose 5*n = y + 105. Calculate the remainder when 76 is divided by n.
37
Let o = -6299 - -6328. What is the remainder when 7769 is divided by o?
26
Suppose -4*m + 4*p - 283 = p, 0 = 5*m + 2*p + 348. Let f = -13 - m. Suppose 2*k = -2*k + 124. What is the remainder when f is divided by k?
26
Suppose 3*m - 52 = 104. What is the remainder when (m/(-5))/((-3)/30) is divided by 1 + -2*212/(-8)?
50
Suppose m = 5*m - 60. Suppose p - 83 = -4*f, 0 = 7*f - 2*f - 5*p - 110. Suppose 3*d + f = 10*d. Calculate the remainder when m is divided by d.
0
What is the remainder when (-4)/(40/(-1762)) + (-11)/55 is divided by 117?
59
Suppose 0 = 32*g + 20401 - 20529. What is the remainder when 1071 is divided by g?
3
Suppose q = -2*k + 3*k + 38, 187 = 5*q - 4*k. Suppose 0*f + 9590 = 7*f. Suppose -8*y + f = 2*y. Calculate the remainder when y is divided by q.
32
Let x(q) = q**2 - 37*q + 38. Let y be x(31). Let g = y + 250. What is the remainder when g is divided by 15?
12
Suppose v - 5*c + 454 + 196 = 0, -c = -2. Let n = -554 - v. Calculate the remainder when 243 is divided by n.
71
Suppose 0*b + 4*b + 2960 = 0. Suppose -3*q = 72 - 153. Calculate the remainder when (-10)/(-35) - b/7 is divided by q.
25
Let w(h) = -h**3 + 65*h**2 + 4*h - 71. What is the remainder when 368 is divided by w(65)?
179
Let f be 575 - (2 - -1 - (6 + 3)). Let g = f - 560. Let h(c) = -3*c + 2. What is the remainder when g is divided by h(-3)?
10
Suppose 34*b = 24*b + 960. Let o(d) = 2*d - 7 - 4*d - d - 4*d. What is the remainder when b is divided by o(-8)?
47
Let s = -842 + 856. Suppose 4*w - z = z - 18, 5*z - 15 = 5*w. Calculate the remainder when s is divided by (w/(-5))/(6/15).
2
Suppose 224 + 262 = 9*o. Let p(s) = -7*s + 17. Let d(u) = -4*u + 8. Let j(q) = -11*d(q) + 6*p(q). Calculate the remainder when o is divided by j(0).
12
Suppose -n - 120 = -3*j - 11, 3*n + 117 = 3*j. Calculate the remainder when j is divided by -9*((-1)/3 - 1).
11
Suppose 0 = 2*n + 3*n + 90. Let u = n + 7. Let j = u + 20. What is the remainder when 16 is divided by j?
7
Let j(r) = 7*r**2 + 5*r + 1. Let u(h) = -8*h**2 - 2 + h - 6*h + 1 + 0. Let o(m) = 3*j(m) + 2*u(m). What is the remainder when 2 is divided by o(-1)?
0
Suppose 21 + 3 = 4*a. Suppose 5*m = -2*j + 50, -j - 2*m = -a*j + 67. Calculate the remainder when 42 is divided by j.
12
Let z(t) = -17*t + 7. Let s be z(1). Calculate the remainder when 398 is divided by s/(-45) - 1662/(-54).
26
Let n(v) = 3*v - 15. Let m be n(6). Suppose -4*u + m*p = 899, 0 = 2*u - 4*p - p + 453. Let y = u - -325. Calculate the remainder when y is divided by 34.
33
Let f(m) = -m**3 + 74*m**2 - 795*m + 178. Let n(q) = q**3 + 7*q**2 - 9*q - 7. What is the remainder when f(61) is divide